 5
Let u(d) = -462*d - 9. Suppose 24 = -2*o + 20. What are the prime factors of u(o)?
3, 5, 61
Let b(h) = h**3 - 9*h**2 + 37*h - 15. Let v be b(6). Let g be (-22)/(-2) + -1 - -1. Suppose 8*i = g*i - v. What are the prime factors of i?
3, 11
Let o = -283 - -290. Suppose o*b + 195 = 839. What are the prime factors of b?
2, 23
Let d(z) = -4*z**2 + 14*z + 21. Let w be d(-13). Let p = w + 1396. List the prime factors of p.
13, 43
Suppose 0 = 5*t - 3 - 7. Suppose s - 7 = -4*m - 15, 4 = s - t*m. Suppose 62 = 5*g - s*g + 4*a, 60 = 5*g + 5*a. List the prime factors of g.
2, 7
Suppose -4*b + 21 = x - 1, 5*x = -3*b + 25. Let d be -213*(x + (-32)/12). Let h = d + -59. List the prime factors of h.
83
Let u(s) = -4*s + 14*s - 4*s - 166 + 18*s + 38*s. What are the prime factors of u(4)?
2, 41
Let p(t) = -2*t**2 + 7*t - 53. Let i(s) = -s**2 + 3*s - 27. Let h(o) = 5*i(o) - 3*p(o). Let r be h(17). Let w = r + -61. What are the prime factors of w?
2, 3, 5
Let l = -4 - -4. Suppose -y - 60 = 4*v, -v - y = -l + 12. What are the prime factors of 24/v*(-106)/3?
53
Let g(t) = -t**2 + 10*t - 11. Let a be g(8). Let n(o) = 13*o**2 - 5*o + 5. Let f be n(a). Let s = -213 + f. List the prime factors of s.
2, 23
Let l be -59*((1 - 0) + -2) + -1. Let g = 43 - l. List the prime factors of (-2)/g + (-17960)/(-300).
2, 3, 5
Let f be (50/3)/(2 + (-12)/9). Let r = 19 + -3. List the prime factors of (-2 + f/(-4))/((-6)/r).
2, 11
Let g = 12 + 88. Suppose 13*f - 14*f + 7 = 0. Suppose 2*o = -4*q + g, f + 3 = -2*q. List the prime factors of o.
2, 3, 5
Let y = 18508 - 9815. List the prime factors of y.
8693
Let a be (2186*(-5 + 6))/2. Suppose 0 = -4*v - 269 + a. Suppose -2*m + v = -24. What are the prime factors of m?
5, 23
Suppose 7*v + 182 = 266. List the prime factors of ((-8)/(-30))/(32/18320)*v.
2, 229
Let x be (882/(-28))/((-3)/(-4)). Let w(l) = -38*l - 331. What are the prime factors of w(x)?
5, 11, 23
Let z(w) = -w**3 + 3*w**2 + 10*w + 35. Let m be z(-4). Suppose -2*y = -5*b + 85 - 281, 2*b - m = -y. List the prime factors of y.
103
Let y(n) = n**2 - 10*n + 19. Let t be y(2). Suppose t*u = -4*o - 0*u + 1400, 5*o = 4*u + 1719. List the prime factors of o.
347
Let v be 2 + -6 + 3 - -6. Suppose 0 = 2*h - 4*m - 0*m - 226, -v*h + 5*m + 580 = 0. List the prime factors of h.
7, 17
Suppose -52 + 73 = 3*l. Let o be (l - (-150)/(-24)) + (-5)/(-4). Suppose j - 142 = -u, -o*u + 0*j = 5*j - 299. List the prime factors of u.
137
Let n(t) = 24*t + 10 - 10*t**2 + 16*t**2 + 16. List the prime factors of n(-11).
2, 61
Let l be 1161/(-6)*-2 + 3. Let w be l/50 + (-2)/(-10). Suppose 13*i - 335 = w*i. List the prime factors of i.
67
Let j(z) = 19 - 9 - 3*z**3 - 13 + 6*z**2 + z. Let i be j(-4). Let b = -183 + i. List the prime factors of b.
2, 7
Suppose 0 = 62*k - 57*k - 525. Let w = -39 + k. What are the prime factors of w - 0/(0 - 4)?
2, 3, 11
Suppose 161*m = 19*m + 60492. List the prime factors of m.
2, 3, 71
Let j(s) = -25*s**3 + 2*s**2 + 2*s + 84. List the prime factors of j(-6).
2, 3, 7, 11
Let j be ((-162)/24)/((-3)/(-8)). Let x be -4 - 393/j - 1/(-6). Suppose 0 = -x*d + 13*d + 1030. List the prime factors of d.
2, 103
Suppose 174*q + 20*q - 43*q = 5726977. What are the prime factors of q?
17, 23, 97
Suppose 3*y - 4 + 19 = 3*j, 3*y + 15 = 4*j. Suppose j = 10*p - 1224 + 364. List the prime factors of p.
2, 43
Suppose 3*l = -3*u + 71121, 37*l = 3*u + 38*l - 71133. What are the prime factors of u?
23, 1031
List the prime factors of (-9)/4 - (2 - (-361950)/(-24)).
15077
Let c be (1 - -24) + 0*(-3)/(-6). Suppose 4*p - 1 = -c. What are the prime factors of 6/(-2)*226/p?
113
Let y(k) = -k + 15. Let v be y(14). Suppose 0 = 2*m - 11 + v. Suppose -m*p = 45 - 215. What are the prime factors of p?
2, 17
Suppose 2*h + 2386 = 2*v + 7*h, -4 = h. What are the prime factors of v?
3, 401
Suppose -3*p + 3033 = -3*l, -2*l = -4*l - 4. Suppose -3*w = -p - 146. Suppose 5*t + 4*s - 186 = 3*t, -4*t + w = -5*s. What are the prime factors of t?
5, 19
Suppose 9 - 42 = -11*r. Suppose -124 = 2*u - r*u. Suppose -7*k = -3*k - u. What are the prime factors of k?
31
Suppose -63 = -4*o - 55. Suppose 2*z + 8 = -4*f, -2*z + 0*f + o = 2*f. What are the prime factors of 71/1 + z + -7?
2, 5, 7
Let k be ((-3)/(-18))/((-1757)/294 - -6). List the prime factors of -7*2/k*-141.
2, 3, 47
Suppose -n = -t + 210, -5*n + 529 = 5*t - 521. List the prime factors of t + 1 - 13/((-104)/(-32)).
3, 23
Let m(p) = p**3 - 36*p**2 + 144*p - 61. What are the prime factors of m(35)?
2, 1877
Let z(a) = 12*a**3 - 11*a**2 - 56*a + 405. List the prime factors of z(10).
5, 7, 307
Let n(z) = 2*z**2 + 64. Suppose -o = 1, o - 9 = -s - 21. List the prime factors of n(s).
2, 3, 17
Suppose 3*d = d + 10*d. Let n be 1/2*4*6/4. Suppose 0 = n*j - 348 - d. List the prime factors of j.
2, 29
What are the prime factors of -17 + (10 - 4) - -840?
829
Let y = -7 + 12. Let c(j) be the third derivative of j**6/120 - j**5/60 + j**3 - 88*j**2. List the prime factors of c(y).
2, 53
Let q(z) = -9*z**2 - 351*z - 66. List the prime factors of q(-29).
2, 3, 53
Let p(o) be the third derivative of o**8/10080 + o**7/840 - o**6/60 + o**5/60 - o**2. Let d(t) be the third derivative of p(t). List the prime factors of d(-6).
2, 3
Suppose -3*y + y + 4 = 0. Suppose y*r = r - 64. Let c = 25 - r. List the prime factors of c.
89
Let v(m) = m**3 + 8*m**2 + m + 5. Let t(n) = -24 + 47 - n**2 - 29 - 19*n. Let q be t(-19). List the prime factors of v(q).
71
Let u(l) = 33540*l - 1577. List the prime factors of u(1).
31963
Let o(a) = -a**2 + 4*a - 4. Let t be o(2). Let u be 206*(0 + -1 - (-2 - t)). Let g = u - 124. What are the prime factors of g?
2, 41
Suppose -n = 15*n - 79680. Suppose -n = -21*a + 16*a. What are the prime factors of a?
2, 3, 83
Let m(t) = 2*t**2 - 17. Let z(j) = 7*j**2 + 13. Let v(l) = 13*l**2 - l + 25. Let q(b) = 6*v(b) - 11*z(b). Let p be q(6). What are the prime factors of m(p)?
3
Let p(q) = -226 - 24 + 12*q - 17 - 2*q. List the prime factors of p(39).
3, 41
Let r(n) = -2*n**2 + 22*n - 56. Let y be r(7). Suppose 41*b - 16*b - 5375 = y. List the prime factors of b.
5, 43
Suppose 0 = -2*j - 4*d, 4*d = 5*j - 20 - 8. Suppose 0 = j*p - 28*p + 20712. What are the prime factors of p?
863
Let w(i) = 2*i**3 - 8*i**2 + 8*i - 18. Let p be w(5). Let r = 71 + p. What are the prime factors of r?
11, 13
Let k be (4/6)/((-28)/16464). Let y = 444 + k. What are the prime factors of y?
2, 13
Suppose -16 - 40 = -4*a. Let n be 84/a*2/4. Suppose n*m = 4*j - 390, 4*m - 235 = -4*j + 169. List the prime factors of j.
3, 11
Let f = 25 + 20. Let r = 45 - f. List the prime factors of 178 + r/(3 + 1) + -3.
5, 7
What are the prime factors of (-3)/(-1 - (134054/(-83790) + 39/65))?
3, 7, 19
Let y = -58 - -54. Let b be ((0 - -3) + y)*3. What are the prime factors of ((93/(-2))/(-3))/(b/(-30))?
5, 31
Let n(u) = 3*u + 30. Let c be n(-4). Suppose 1980 = -13*d + c*d. List the prime factors of d.
2, 3, 11
Suppose 195*s = 190*s + 16810. What are the prime factors of s?
2, 41
Let w = 6725 - -8973. List the prime factors of w.
2, 47, 167
Let f be 567574/30 + 14/(-105). Suppose -f - 6073 = -22*w. List the prime factors of w.
2, 71
Let n = -407 - -412. Suppose 2*q + 5*c - 3015 = 0, 1576 + 5915 = n*q - 3*c. List the prime factors of q.
2, 3, 5
Suppose -9*z = -11*z + 2982. What are the prime factors of z/14 + (2/(-4) - -2)?
2, 3
What are the prime factors of (6 - (-201339)/(-18))/((-15)/20) + 8?
2, 7457
Suppose -28*v + 20*v - 2632 = 0. Let n = v - -588. What are the prime factors of n?
7, 37
Let m = -15 + 30. Suppose -m = -2*c + 11. Suppose 1352 = -5*o + c*o. What are the prime factors of o?
13
Let m be 17/(102/(-9054))*1/(-3). Suppose -4*q - 9*k + 668 = -11*k, k = 3*q - m. List the prime factors of q.
13
What are the prime factors of (21/(315/(-378260)))/((-8)/12)?
2, 18913
Suppose -a = -3*u + a + 27, 2*u = -5*a - 1. List the prime factors of 1264 - (5/2)/(u/14).
1259
Let c be 1*0*(-4)/(-16). Suppose -7*v + 6 + 15 = c. Let m = 38 - v. List the prime factors of m.
5, 7
Let t(l) = -36*l - 320. Let s be t(25). Let f = s - -1785. List the prime factors of f.
5, 113
Let m = 3163 + -3101. List the prime factors of m.
2, 31
Let u(a) = -505*a - 2623. What are the prime factors of u(-50)?
11, 17
Let h = -51 + 51. Let x(u) = u**